{"id":139,"date":"2019-06-19T21:21:36","date_gmt":"2019-06-19T21:21:36","guid":{"rendered":"http:\/\/mash.ro\/?page_id=139"},"modified":"2025-06-29T11:28:35","modified_gmt":"2025-06-29T11:28:35","slug":"conditii-inscriere","status":"publish","type":"page","link":"http:\/\/mash.ro\/index.php\/inscriere\/conditii-inscriere\/","title":{"rendered":"Conditii inscriere"},"content":{"rendered":"<p>[et_pb_section fb_built=&#8221;1&#8243; fullwidth=&#8221;on&#8221; _builder_version=&#8221;4.16&#8243; global_colors_info=&#8221;{}&#8221;][et_pb_fullwidth_menu menu_id=&#8221;2&#8243; submenu_direction=&#8221;downwards&#8221; fullwidth_menu=&#8221;off&#8221; dropdown_menu_bg_color=&#8221;#ffffff&#8221; dropdown_menu_line_color=&#8221;#0c71c3&#8243; mobile_menu_bg_color=&#8221;#ffffff&#8221; _builder_version=&#8221;4.16&#8243; menu_font_size=&#8221;18px&#8221; animation_style=&#8221;slide&#8221; z_index_tablet=&#8221;500&#8243; menu_text_shadow_style=&#8221;preset1&#8243; menu_text_shadow_vertical_length_tablet=&#8221;0px&#8221; menu_text_shadow_blur_strength_tablet=&#8221;1px&#8221; box_shadow_style=&#8221;preset2&#8243; box_shadow_horizontal_tablet=&#8221;0px&#8221; box_shadow_vertical_tablet=&#8221;0px&#8221; box_shadow_blur_tablet=&#8221;40px&#8221; global_colors_info=&#8221;{}&#8221;][\/et_pb_fullwidth_menu][\/et_pb_section][et_pb_section fb_built=&#8221;1&#8243; _builder_version=&#8221;4.16&#8243; global_colors_info=&#8221;{}&#8221;][et_pb_row _builder_version=&#8221;4.16&#8243; background_size=&#8221;initial&#8221; background_position=&#8221;top_left&#8221; background_repeat=&#8221;repeat&#8221; global_colors_info=&#8221;{}&#8221;][et_pb_column type=&#8221;4_4&#8243; _builder_version=&#8221;4.16&#8243; custom_padding=&#8221;|||&#8221; global_colors_info=&#8221;{}&#8221; custom_padding__hover=&#8221;|||&#8221;][et_pb_text admin_label=&#8221;Text&#8221; _builder_version=&#8221;4.21.0&#8243; hover_enabled=&#8221;0&#8243; z_index_tablet=&#8221;500&#8243; text_text_shadow_horizontal_length_tablet=&#8221;0px&#8221; text_text_shadow_vertical_length_tablet=&#8221;0px&#8221; text_text_shadow_blur_strength_tablet=&#8221;1px&#8221; link_text_shadow_horizontal_length_tablet=&#8221;0px&#8221; link_text_shadow_vertical_length_tablet=&#8221;0px&#8221; link_text_shadow_blur_strength_tablet=&#8221;1px&#8221; ul_text_shadow_horizontal_length_tablet=&#8221;0px&#8221; ul_text_shadow_vertical_length_tablet=&#8221;0px&#8221; ul_text_shadow_blur_strength_tablet=&#8221;1px&#8221; ol_text_shadow_horizontal_length_tablet=&#8221;0px&#8221; ol_text_shadow_vertical_length_tablet=&#8221;0px&#8221; ol_text_shadow_blur_strength_tablet=&#8221;1px&#8221; quote_text_shadow_horizontal_length_tablet=&#8221;0px&#8221; quote_text_shadow_vertical_length_tablet=&#8221;0px&#8221; quote_text_shadow_blur_strength_tablet=&#8221;1px&#8221; header_text_shadow_horizontal_length_tablet=&#8221;0px&#8221; header_text_shadow_vertical_length_tablet=&#8221;0px&#8221; header_text_shadow_blur_strength_tablet=&#8221;1px&#8221; header_2_text_shadow_horizontal_length_tablet=&#8221;0px&#8221; header_2_text_shadow_vertical_length_tablet=&#8221;0px&#8221; header_2_text_shadow_blur_strength_tablet=&#8221;1px&#8221; header_3_text_shadow_horizontal_length_tablet=&#8221;0px&#8221; header_3_text_shadow_vertical_length_tablet=&#8221;0px&#8221; header_3_text_shadow_blur_strength_tablet=&#8221;1px&#8221; header_4_text_shadow_horizontal_length_tablet=&#8221;0px&#8221; header_4_text_shadow_vertical_length_tablet=&#8221;0px&#8221; header_4_text_shadow_blur_strength_tablet=&#8221;1px&#8221; header_5_text_shadow_horizontal_length_tablet=&#8221;0px&#8221; header_5_text_shadow_vertical_length_tablet=&#8221;0px&#8221; header_5_text_shadow_blur_strength_tablet=&#8221;1px&#8221; header_6_text_shadow_horizontal_length_tablet=&#8221;0px&#8221; header_6_text_shadow_vertical_length_tablet=&#8221;0px&#8221; header_6_text_shadow_blur_strength_tablet=&#8221;1px&#8221; box_shadow_horizontal_tablet=&#8221;0px&#8221; box_shadow_vertical_tablet=&#8221;0px&#8221; box_shadow_blur_tablet=&#8221;40px&#8221; box_shadow_spread_tablet=&#8221;0px&#8221; global_colors_info=&#8221;{}&#8221; sticky_enabled=&#8221;0&#8243;]<\/p>\n<h2>Criterii validare inscriere:<\/h2>\n<ul>\n<li>instruire medicala de baza: student al unei facultati de medicina (generala, stomatologie, farmacie, colegiu), elev al unei scoli postliceale sanitare<\/li>\n<li>varsta minima 18 ani<\/li>\n<\/ul>\n<h2>Reguli generale inscriere<\/h2>\n<ul>\n<li>Inscrierea se realizeaza exclusiv prin completarea formularului disponibil pe acest site<\/li>\n<li>Dupa inscriere urmeaza perioada de validare. Daca inscrierea a fost validata puteti efectua plata taxei de participare<\/li>\n<li>Dupa efectuarea platii participantii sunt declarati admisi<\/li>\n<li>Participan\u0163ii admi\u015fi vor fi anun\u0163a\u0163i pe acest site, accesand pagina Lista participanti<\/li>\n<li>Contravaloarea \u00eenscrierii, care va fi achitat\u0103 numai de c\u0103tre participan\u0163ii declara\u0163i admi\u015fi, este de 650 <strong>lei<\/strong><\/li>\n<li>P\u00e2n\u0103 \u00een data de 3 iulie taxa are o valoare redusa la 550 lei<\/li>\n<li>Plata \u00eenscrierii se face de c\u0103tre participan\u0163ii admi\u015fi p\u00e2n\u0103 \u00een data de 23 iulie 2025, ora 23:59 ora efectuarii platii<\/li>\n<li>Plata se face \u00een contul<\/li>\n<\/ul>\n<h2>Asociatia SARTISS<\/h2>\n<h2>RO92 BTRL 0050 1205 7244 79XX<\/h2>\n<h2>Banca Transilvania Oradea<\/h2>\n<ul>\n<li>Nu se admite plata taxei ulterior datei limita<\/li>\n<li>La detaliile platii se va preciza : &#8220;Tab\u0103ra\u00a0 MASH 2025&#8221; \u015fi numele participantului pentru care s-a efectuat plata<\/li>\n<li>Nu se returneaz\u0103 banii care au fost expedia\u0163i f\u0103r\u0103 respectarea acestor specifica\u0163ii!<\/li>\n<li>In cazul in care au fost efectuate plati dar, din motive obiective, persoana care s-a inscris doreste sa se retraga, suma va fi returnata in proportie de 75% din valoarea taxei, doar daca solicitarea de retragere este depusa pana la data de 23 iulie 2025. Dupa aceasta data nu se mai poate returna contravaloarea taxei. Daca dupa data limita apar situatii care il impiedica, pe cel care a achitat taxa, sa participe, acesta va putea sa participe la editia urmatoare a MASH<\/li>\n<\/ul>\n<h2><strong>Taxa de participare include:<\/strong><\/h2>\n<ul>\n<li>Transportul tur-retur pe ruta Oradea \u2013 Padis (Glavoi)<\/li>\n<li>o masa calda seara. In timpul zilei vor mai fi oferite pachete cu hrana rece in contul mesei de pranz<\/li>\n<li>Lectori si monitori pentru cursuri si activitati practice desfasurate pe perioada taberei<\/li>\n<li>Echipament pentru cursuri;<\/li>\n<li>Echipament individual pentru TSA si pentru stagiul de salvare din pestera<\/li>\n<li>Suporturi de curs;<\/li>\n<li>Diplome de participare;<\/li>\n<li><strong style=\"color: #333333; font-size: 26px;\">IMPORTANT !<\/strong><\/li>\n<li>Un voluntar din cadrul UPU SMURD Oradea care pana la data de 15.06 a acumulat cele mai multe ore de voluntariat,va beneficia de o reducere a taxei de participare de 50%<\/li>\n<li>Avand in vedere faptul ca nu exista locuri de parcare dedicate participantilor, pentru a limita numarul autovehiculelor din zona taberei, precum si pentru a asigura o predictibilitate a transportului pe care il oferim pe ruta Oradea &#8211; Glavoi, nu se accepta accesul cu autoturisme personale. In cazul in care, din motive obiective, participantii care doresc sa vina cu autoturism personal, vor achita o taxa suplimentara de 100 lei. Pentru detalii suplimentare legate de acest aspect, precum si pentru a explica motivele care ne-au determinat sa introducem aceasta regula va rugam sa ne contactati.<\/li>\n<\/ul>\n<p>[\/et_pb_text][\/et_pb_column][\/et_pb_row][\/et_pb_section]<\/p>\n","protected":false},"excerpt":{"rendered":"<p>Criterii validare inscriere: instruire medicala de baza: student al unei facultati de medicina (generala, stomatologie, farmacie, colegiu), elev al unei scoli postliceale sanitare varsta minima 18 ani Reguli generale inscriere Inscrierea se realizeaza exclusiv prin completarea formularului disponibil pe acest site Dupa inscriere urmeaza perioada de validare. Daca inscrierea a fost validata puteti efectua plata [&hellip;]<\/p>\n","protected":false},"author":1,"featured_media":0,"parent":137,"menu_order":0,"comment_status":"closed","ping_status":"closed","template":"","meta":{"_et_pb_use_builder":"on","_et_pb_old_content":"","_et_gb_content_width":"","footnotes":""},"class_list":["post-139","page","type-page","status-publish","hentry"],"_links":{"self":[{"href":"http:\/\/mash.ro\/index.php\/wp-json\/wp\/v2\/pages\/139","targetHints":{"allow":["GET"]}}],"collection":[{"href":"http:\/\/mash.ro\/index.php\/wp-json\/wp\/v2\/pages"}],"about":[{"href":"http:\/\/mash.ro\/index.php\/wp-json\/wp\/v2\/types\/page"}],"author":[{"embeddable":true,"href":"http:\/\/mash.ro\/index.php\/wp-json\/wp\/v2\/users\/1"}],"replies":[{"embeddable":true,"href":"http:\/\/mash.ro\/index.php\/wp-json\/wp\/v2\/comments?post=139"}],"version-history":[{"count":18,"href":"http:\/\/mash.ro\/index.php\/wp-json\/wp\/v2\/pages\/139\/revisions"}],"predecessor-version":[{"id":758,"href":"http:\/\/mash.ro\/index.php\/wp-json\/wp\/v2\/pages\/139\/revisions\/758"}],"up":[{"embeddable":true,"href":"http:\/\/mash.ro\/index.php\/wp-json\/wp\/v2\/pages\/137"}],"wp:attachment":[{"href":"http:\/\/mash.ro\/index.php\/wp-json\/wp\/v2\/media?parent=139"}],"curies":[{"name":"wp","href":"https:\/\/api.w.org\/{rel}","templated":true}]}}